 5. Let s be q(l). What is the units digit of (-1 + 8)*1 + s?
7
Suppose 2*l + l - 111 = 0. Let m = l + 13. Suppose 0 = -5*q + 10 + m. What is the units digit of q?
2
Let c(f) be the third derivative of -2/3*f**3 - 1/120*f**6 + 0*f + 1/10*f**5 + 0 + 2*f**2 + 1/12*f**4. What is the units digit of c(6)?
8
Suppose -5*d - 5*v + 281 - 91 = 0, 3*d - 2*v - 109 = 0. What is the tens digit of d?
3
Let v(t) = -t**2 - 13*t + 28. What is the units digit of v(-8)?
8
Suppose b = s - 20, 3*b - s + 4 = -54. What is the units digit of b/(-3) + (-18)/(-27)?
7
Let t(c) be the second derivative of -c**3/6 + 5*c**2 + 8*c. What is the tens digit of t(0)?
1
Let q be ((-14)/6 - -3)*24. Suppose y - 3*y = -q. What is the units digit of y?
8
Let w = -5 - -39. What is the tens digit of w?
3
Let t be 1 + (-3)/3 + 3. Let k(m) = -4*m + 4. Let l be k(t). What is the units digit of 1 - l - 2 - 1?
6
Let r(j) = j**2 - 7*j - 10. Suppose -l + 4*l = 24. Let q be r(l). What is the units digit of (1 + -3 + -2)/q?
2
Let i(v) = 4*v**2 + v + 2. Suppose 2*q = -3*y + 10, -3*y + 3*q = -2*y + 4. Let g be i(y). Let w = g - 12. What is the units digit of w?
8
Suppose 0 = -6*w + 5*w + 38. Let p = -22 + w. What is the units digit of p?
6
Let z(f) = 5*f. Suppose -b + 1 = -5*w + 5, -w - 2 = -3*b. What is the units digit of z(w)?
5
Suppose 0 = -2*o - o + 12. Suppose -4*v - 5*c = 96, -v - c = -0*c + 24. What is the units digit of v/o*(-2)/3?
4
Suppose 3*i - 2*i = 28. Suppose -29 = -3*u + i. What is the tens digit of u?
1
Let i(b) = -b - 3. Let n be i(-6). What is the tens digit of (2 + -12)/(n/(-6))?
2
Suppose -3*j - 5*o + 124 = 0, 4*o + o = j - 8. What is the units digit of j?
3
Let j(v) = v**3 - 7*v**2 - 5*v + 15. What is the tens digit of j(8)?
3
Let s(t) = t**3 + 11*t**2 + 7*t + 12. What is the units digit of s(-10)?
2
Let o be 2 + -3 + 3 - -10. Let x = 24 - o. What is the units digit of x?
2
Let l(g) = -g. Let p(u) = u**3 + 2*u**2 - 3*u + 1. Let y(h) = -2*l(h) - p(h). What is the tens digit of y(-4)?
1
What is the hundreds digit of (6/21)/(-4 + (-14145)/(-3535))?
2
Suppose 5*h = 4*b - 133, -6*h + 2*h = 4*b - 160. What is the tens digit of b?
3
Let z(x) = -x**2 - x + 7. What is the units digit of z(0)?
7
Let n(j) be the second derivative of j**4/4 - j**3/2 - j**2/2 - 2*j. Let z be n(3). Suppose -z = -d - 6. What is the units digit of d?
1
Let l(p) = -p. Let o be l(-2). Suppose -b + o*r = -r + 10, r = 4*b - 4. What is the units digit of b/(1 - 0) - -5?
7
Suppose -4*h + 34 = -2*h + r, -5*r = -3*h + 25. Suppose 2*p - h - 31 = 0. What is the tens digit of p?
2
Let h(c) = c**2. Let r be h(2). Let t(l) = l**3 - 5*l**2 + 7*l - 4. Let p be t(r). Suppose -5*i - p = a, -3 = 4*i + 5. What is the units digit of a?
2
Let p(g) be the first derivative of 3*g**2/2 + 3*g + 3. Let q be p(5). Suppose -q + 2 = -4*h. What is the units digit of h?
4
Suppose 0*x = 3*x. Let l be 2/(-6) - 25/(-3). Let c = l - x. What is the units digit of c?
8
What is the units digit of (57/(-12))/(1/(-12))?
7
Let m(a) = -253*a**3 + 2*a**2 - 1. What is the hundreds digit of m(-1)?
2
Suppose -5*t + 0 = -15. Suppose u + 11 = t*u - o, -4*o - 19 = -3*u. What is the units digit of u?
5
Suppose 3*o = -o + 44. What is the units digit of o?
1
Let x = -7 + 30. What is the tens digit of x?
2
What is the tens digit of -41*(-1)/2*2?
4
Let d be 6/(-2)*1/(-3). Suppose 2*n + d = 3*n. Suppose -a + 35 = 4*u, -4*a + 53 = 5*u + n. What is the units digit of u?
8
Let f = 5 + -9. What is the units digit of 50/f*16/(-20)?
0
Let y(q) = -3*q - 2*q + 8 + q**2 - q - 5*q. What is the tens digit of y(12)?
2
Suppose -z = -0*z + 2*k - 31, 0 = 5*z - 3*k - 90. Suppose -t = 5*n - z, n = 2*t + 6 - 4. What is the units digit of t?
1
Let g(j) be the first derivative of 3*j**2/2 + 7*j + 2. Let b be g(5). What is the units digit of -2 - b/(-3 - -1)?
9
Let b be (18/(-27))/((-4)/6). What is the units digit of b/(-2) - (-183)/6?
0
Let g = 27 - -64. What is the units digit of g?
1
Let v(x) = -5*x**2 + 11*x - 3. Let a(h) = 4*h**2 - 10*h + 3. Let t(j) = -4*a(j) - 3*v(j). What is the units digit of t(6)?
3
Let a(h) = h**2 + 6*h + 2. Let r be a(-6). What is the units digit of r/12 + 34/12?
3
Let x(t) = -t + 1. Let r be x(-3). Suppose -r*y + 5*y - 8 = 0. What is the units digit of y?
8
Let w be (-31)/(-3) - (-22)/33. Let i(t) = -t**3 + 12*t**2 - 9*t - 5. What is the tens digit of i(w)?
1
Let j = -94 - -64. Let z = -17 - j. What is the tens digit of z?
1
Let o(z) = z**2 - 10*z - 1. Let j be o(10). Let c(g) = -2*g**3 - 4 + 4 + 2*g**2 + g. What is the units digit of c(j)?
3
Let r be (-1)/6 - 326/(-12). Let a = r - -3. What is the tens digit of a?
3
Suppose 19*y + 122 - 2231 = 0. What is the units digit of y?
1
Let q = -20 - -12. Suppose 3*p = -3*r + 1 + 44, 2*p = -3*r + 44. Let v = r + q. What is the units digit of v?
6
Suppose -3*q + 0 = -6. Suppose -j = -2*a + a + 2, -14 = -3*j - q*a. Let s = j - -2. What is the units digit of s?
4
Let l be (-114)/(-8) - (-6)/8. Suppose -5*q + 2*i = -i - 15, 4*i - l = -5*q. Suppose -q*t - 4*c = -25 - 9, -5*t + 66 = 2*c. What is the tens digit of t?
1
Let l be 66/8 + 4/(-16). Suppose 3*n = 5*q + 15, -l*q + 4*q + 42 = 3*n. What is the units digit of 94/n - (-10)/(-25)?
9
Let k be (-9)/21 - 59/(-7). Suppose s - k + 2 = 0. What is the units digit of s?
6
Let f(d) = d**2 + 3*d - 5. What is the units digit of f(-5)?
5
Let j be 21 - (-3 + 2) - 0. Suppose -j = -3*y + 2. Suppose -z = 3*z - y. What is the units digit of z?
2
Let h(f) = f**3 + 6*f**2 + 4*f. Let c be h(-5). Suppose -4*n + 7 = -c. Let m(d) = 4*d - 4. What is the units digit of m(n)?
8
Let v(f) = f + 76. What is the tens digit of v(0)?
7
Let o be (-9)/(-2) - 3/2. Suppose o*f + f = -24. Let x(t) = -t - 4. What is the units digit of x(f)?
2
Let i(b) be the second derivative of b**4/12 - b**3/6 + b**2 - 2*b. Let s be i(2). Suppose s*j + 2*g + 3*g = 10, 4*j - g - 22 = 0. What is the units digit of j?
5
Let x(a) = 2*a**2 + 5*a + 3. Let v be x(-4). Let l = -2 + v. What is the tens digit of l?
1
Suppose 0 = 4*u + 5*y - 98 - 542, -4*u + 676 = -4*y. What is the tens digit of u?
6
Suppose -5*z = 5*k - 155, -124 = -3*k - k + z. What is the tens digit of k?
3
Let d be (-136)/6 + (-1)/3. Let i = d + 32. What is the units digit of i?
9
Let n(f) = -f**2 + 2*f. Let z be n(2). Let r = -14 - z. What is the units digit of 2 + (-2)/(4/r)?
9
Let a(z) = -z**2 - 4*z + 6. Let v be a(-5). Let s(p) = 3*p. Let b be s(v). Suppose -b*y - 7 = -4*y. What is the units digit of y?
7
Let i(y) = 9*y**2 - y. Let w be i(1). Let f = -7 + 1. Let k = f + w. What is the units digit of k?
2
Let v(p) = p**2 + 5*p - 2. Let z be v(-6). Suppose z*h = 41 - 13. What is the units digit of h?
7
What is the tens digit of 206/6 + ((-160)/(-24))/10?
3
Let z = -28 + 56. Suppose v + 3*m - z = 0, 2*v + 27 = -5*m + 78. What is the units digit of v?
3
Let f be 90/(-20)*(-4)/6. Let c = 36 + f. What is the tens digit of c?
3
Let i be 1 + 3 + (-1 - 1). Suppose -o = -5*h + 31, -3*o = i*h + 6 + 2. Let t = o - -23. What is the units digit of t?
7
Let j(g) = 2 + g - 2*g + 2. What is the units digit of j(2)?
2
Let s(b) = -b**2 + 12*b - 4. Let z(u) = -2*u**2 + 25*u - 7. Let o(f) = -9*s(f) + 4*z(f). What is the units digit of o(8)?
8
Let l = -26 + 38. Let t = -7 + l. What is the units digit of t?
5
Suppose 0 = 4*v - 24 + 8. Suppose v*w + 0*w = 40. What is the tens digit of w?
1
Suppose -90 = -r + 6*r. Let w be 12/(-20) + r/(-5). What is the units digit of w*(-2)/(1*-2)?
3
Let u(c) = -c**2 + 7*c - 3. Let b be u(7). Let t be (2/(-6))/(b/9). Suppose -t + 9 = x. What is the units digit of x?
8
Let x(q) = -q**2 - 4 - 5*q + 0*q**2 + 2*q**2. Let h be x(7). Suppose 1 = -g + 5, -p - h = -5*g. What is the units digit of p?
0
Suppose -4*q = -4*l + 44, -l - 2*l + 28 = -4*q. What is the units digit of l?
6
Let v be ((-4)/(-6))/(8/36). Suppose j = v*s - 2 + 15, j = -s + 1. Let i(p) = p**2 + 3*p + 1. What is the units digit of i(s)?
1
Let v = 9 - -13. Let a = -38 + v. What is the units digit of (a + 0)*(4 - 5)?
6
Suppose 5*n - 68 = 287. What is the tens digit of n?
7
Suppose -5*f = 5*m - 1265, 0 = -4*m + 3*m - 2*f + 258. What is the units digit of m?
8
Suppose -3*d - 2*d = -3*z - 16, 0 = 3*z - 9. Let f = d + -3. What is the units digit of (-1)/f - (-34)/4?
8
Suppose 0 = 6*